{"id":36,"date":"2024-07-16T14:51:59","date_gmt":"2024-07-16T12:51:59","guid":{"rendered":"https:\/\/esclavasdelsantisimosacramento.org\/?page_id=36"},"modified":"2024-07-17T11:10:05","modified_gmt":"2024-07-17T09:10:05","slug":"trabajo","status":"publish","type":"page","link":"https:\/\/esclavasdelsantisimosacramento.org\/index.php\/trabajo\/","title":{"rendered":"Trabajo"},"content":{"rendered":"\n<div class=\"wp-block-group is-layout-constrained wp-block-group-is-layout-constrained\">\n<figure class=\"wp-block-image alignleft size-full is-resized\"><img loading=\"lazy\" decoding=\"async\" width=\"131\" height=\"175\" src=\"http:\/\/esclavasdelsantisimosacramento.org\/wp-content\/uploads\/2024\/07\/trabajo-en-la-cocina.jpg\" alt=\"\" class=\"wp-image-40\" style=\"width:146px;height:auto\"\/><\/figure>\n<\/div>\n\n\n\n<p class=\"has-text-align-left\">Conforme a la tradici\u00f3n sagrada de la vida religiosa, alternamos la oraci\u00f3n con el trabajo, tom\u00e1ndolo no s\u00f3lo como ley natural impuesta por Dios, sino tambi\u00e9n como ejercicio de penitencia y deber de justicia con el Instituto (Const.).<\/p>\n\n\n\n<p>Los diferentes oficios de la casa los desempe\u00f1an   indistintamente las religiosas que designa la obediencia. Aunque se tienen en cuenta las aptitudes personales.<\/p>\n\n\n\n<div class=\"wp-block-media-text has-media-on-the-right is-stacked-on-mobile is-vertically-aligned-center\" style=\"grid-template-columns:auto 56%\"><div class=\"wp-block-media-text__content\">\n<p>De este modo, sus vidas se hacen fecundas para la Iglesia y para el bien de la comunidad por quienes se sacrifican.<\/p>\n\n\n\n<p>Modelo para nosotras es la Sagrada Familia, imitando en nuestro trabajo la pura intenci\u00f3n, la entrega ilimitada y la mortificaci\u00f3n que tanto brillaron en la Casa de Nazaret. (Const.)<\/p>\n<\/div><figure class=\"wp-block-media-text__media\"><img loading=\"lazy\" decoding=\"async\" width=\"249\" height=\"166\" src=\"http:\/\/esclavasdelsantisimosacramento.org\/wp-content\/uploads\/2024\/07\/lavando.jpg\" alt=\"\" class=\"wp-image-39 size-full\"\/><\/figure><\/div>\n\n\n\n<div class=\"wp-block-group is-nowrap is-layout-flex wp-container-core-group-is-layout-6c531013 wp-block-group-is-layout-flex\">\n<p><\/p>\n<\/div>\n\n\n\n<p>Dedicamos nuestro trabajo manual a toda clase de&nbsp;<a href=\"http:\/\/www.esclavasdelsantisimosacramento.org\/Labores\/labores.htm\">labores destinadas al culto divino<\/a>, y algunos otros trabajos que al menos tengan car\u00e1cter art\u00edstico religioso.<\/p>\n\n\n\n<figure class=\"wp-block-image aligncenter size-full\"><img loading=\"lazy\" decoding=\"async\" width=\"480\" height=\"320\" src=\"http:\/\/esclavasdelsantisimosacramento.org\/wp-content\/uploads\/2024\/07\/recreo.jpg\" alt=\"\" class=\"wp-image-42\" srcset=\"https:\/\/esclavasdelsantisimosacramento.org\/wp-content\/uploads\/2024\/07\/recreo.jpg 480w, https:\/\/esclavasdelsantisimosacramento.org\/wp-content\/uploads\/2024\/07\/recreo-300x200.jpg 300w\" sizes=\"auto, (max-width: 480px) 100vw, 480px\" \/><\/figure>\n\n\n\n<p>&nbsp;Se tienen dos horas de recreaci\u00f3n: una despu\u00e9s de la comida y otra despu\u00e9s de la cena. Estas recreaciones se tienen en com\u00fan, en alegre y regocijada fraternidad.<\/p>\n\n\n\n<figure class=\"wp-block-image aligncenter size-full is-resized\"><img loading=\"lazy\" decoding=\"async\" width=\"593\" height=\"384\" src=\"http:\/\/esclavasdelsantisimosacramento.org\/wp-content\/uploads\/2024\/07\/trabajo-en-el-patio.jpg\" alt=\"\" class=\"wp-image-37\" style=\"width:485px;height:auto\" srcset=\"https:\/\/esclavasdelsantisimosacramento.org\/wp-content\/uploads\/2024\/07\/trabajo-en-el-patio.jpg 593w, https:\/\/esclavasdelsantisimosacramento.org\/wp-content\/uploads\/2024\/07\/trabajo-en-el-patio-300x194.jpg 300w\" sizes=\"auto, (max-width: 593px) 100vw, 593px\" \/><\/figure>\n","protected":false},"excerpt":{"rendered":"<p>Conforme a la tradici\u00f3n sagrada de la vida religiosa, alternamos la oraci\u00f3n con el trabajo, tom\u00e1ndolo no s\u00f3lo como ley natural impuesta por Dios, sino tambi\u00e9n como ejercicio de penitencia y deber de justicia con el Instituto (Const.). Los diferentes oficios de la casa los desempe\u00f1an indistintamente las religiosas que designa la obediencia. Aunque se [&hellip;]<\/p>\n","protected":false},"author":2,"featured_media":0,"parent":0,"menu_order":0,"comment_status":"closed","ping_status":"closed","template":"","meta":{"footnotes":""},"class_list":["post-36","page","type-page","status-publish","hentry"],"_links":{"self":[{"href":"https:\/\/esclavasdelsantisimosacramento.org\/index.php\/wp-json\/wp\/v2\/pages\/36","targetHints":{"allow":["GET"]}}],"collection":[{"href":"https:\/\/esclavasdelsantisimosacramento.org\/index.php\/wp-json\/wp\/v2\/pages"}],"about":[{"href":"https:\/\/esclavasdelsantisimosacramento.org\/index.php\/wp-json\/wp\/v2\/types\/page"}],"author":[{"embeddable":true,"href":"https:\/\/esclavasdelsantisimosacramento.org\/index.php\/wp-json\/wp\/v2\/users\/2"}],"replies":[{"embeddable":true,"href":"https:\/\/esclavasdelsantisimosacramento.org\/index.php\/wp-json\/wp\/v2\/comments?post=36"}],"version-history":[{"count":17,"href":"https:\/\/esclavasdelsantisimosacramento.org\/index.php\/wp-json\/wp\/v2\/pages\/36\/revisions"}],"predecessor-version":[{"id":105,"href":"https:\/\/esclavasdelsantisimosacramento.org\/index.php\/wp-json\/wp\/v2\/pages\/36\/revisions\/105"}],"wp:attachment":[{"href":"https:\/\/esclavasdelsantisimosacramento.org\/index.php\/wp-json\/wp\/v2\/media?parent=36"}],"curies":[{"name":"wp","href":"https:\/\/api.w.org\/{rel}","templated":true}]}}